 what is 201012 + 10?
201022
In base 2, what is 1111110110001 + 101010?
1111111011011
In base 15, what is b8c6 + 2?
b8c8
In base 6, what is 523 - -533?
1500
In base 2, what is 10100110 - -110000?
11010110
In base 15, what is 69b4 + 1?
69b5
In base 13, what is -2bba + 69?
-2b51
In base 4, what is 3 + 111222130?
111222133
In base 12, what is 14428 - -5?
14431
In base 2, what is -110110110011 - -1000?
-110110101011
In base 6, what is 443 - -3302?
4145
In base 13, what is 5 + -5644?
-563c
In base 15, what is -a974 + 2?
-a972
In base 8, what is 24406116 - -2?
24406120
In base 11, what is -319435 + -2?
-319437
In base 7, what is -31 + 32365?
32334
In base 11, what is -145564 + -2?
-145566
In base 13, what is 5 - 9bba0?
-9bb98
In base 6, what is 45043 + 2?
45045
In base 2, what is -11001010000000111 + 100?
-11001010000000011
In base 15, what is 6 - -4a3?
4a9
In base 11, what is 2167 - 41?
2126
In base 9, what is -2 + -814748?
-814751
In base 4, what is 12333212 - 3?
12333203
In base 3, what is -1012200202 + -12221?
-1012220200
In base 16, what is 2dee3 - -2?
2dee5
In base 11, what is -6 - -49?
43
In base 3, what is -11 - -110012202202?
110012202121
In base 8, what is -5 - 125124?
-125131
In base 5, what is -2020403 + 302?
-2020101
In base 16, what is -3 - -12b89?
12b86
In base 6, what is -2203331 - -3?
-2203324
In base 7, what is 2 + 146114?
146116
In base 16, what is -4 + f6f6?
f6f2
In base 3, what is -10121211122 - 0?
-10121211122
In base 5, what is -3 + -444014?
-444022
In base 5, what is -2411 - -22110?
14144
In base 12, what is 45 + 254?
299
In base 8, what is 7345 - -5?
7352
In base 5, what is -1 - -12114341?
12114340
In base 9, what is 16 - 7302?
-7275
In base 14, what is -984 - 30?
-9b4
In base 6, what is -45212 - -45?
-45123
In base 13, what is -b - -1671?
1663
In base 10, what is 4 - 24659?
-24655
In base 4, what is -12 + 3031013?
3031001
In base 16, what is -8 + 88f?
887
In base 10, what is 50685 - -4?
50689
In base 13, what is -2 - -2a8c?
2a8a
In base 10, what is -2285 + 106?
-2179
In base 3, what is -20222110211221 + -10?
-20222110212001
In base 11, what is 3620 + 1?
3621
In base 8, what is -111444 - -13?
-111431
In base 12, what is 1418 + 14b?
1567
In base 15, what is -168605 + 4?
-168601
In base 7, what is 141 + -5552?
-5411
In base 4, what is 11 - -1321201?
1321212
In base 7, what is -10 + 214233?
214223
In base 6, what is 34 + 1551?
2025
In base 5, what is 1444411 + -4?
1444402
In base 15, what is 38e - -33?
3c2
In base 3, what is 11 + -10002002?
-10001221
In base 12, what is -179 + -11?
-18a
In base 4, what is -3100 + -1122131?
-1131231
In base 14, what is 1a0 - 87?
117
In base 14, what is -ba560 + 2?
-ba55c
In base 8, what is 1 + -7432626?
-7432625
In base 11, what is -401256 + 4?
-401252
In base 4, what is 31203 - -1?
31210
In base 15, what is a9750 + -3?
a974c
In base 9, what is 3801475 - 0?
3801475
In base 16, what is 2261c - 4?
22618
In base 5, what is -44 + 24021?
23422
In base 13, what is 317468 + -5?
317463
In base 13, what is 7a891 + -5?
7a889
In base 15, what is 453 - 1a?
438
In base 13, what is 3 + -2b85b?
-2b858
In base 16, what is 5 + ea78?
ea7d
In base 9, what is -1577206 - -1?
-1577205
In base 12, what is -2 - -1a48a?
1a488
In base 12, what is -33ab + 1?
-33aa
In base 2, what is -10 + 1001100001100001000?
1001100001100000110
In base 10, what is -98323 + -35?
-98358
In base 12, what is -795159 - 0?
-795159
In base 6, what is -25 + 455045?
455020
In base 13, what is -b7 - -367c?
3595
In base 15, what is 3 + -2d3?
-2d0
In base 5, what is -2313 + -1101?
-3414
In base 11, what is -50 + -2548?
-2598
In base 5, what is -1124 - 1131312?
-1132441
In base 3, what is -2220211 - -2101?
-2211110
In base 7, what is -53636 - -235?
-53401
In base 3, what is 121 - -22102000?
22102121
In base 13, what is 41ab3 + 7?
41aba
In base 8, what is -16 + -650550?
-650566
In base 4, what is 200 - -113223000?
113223200
In base 10, what is -10 + -85408?
-85418
In base 3, what is -10010102011200 + 12?
-10010102011111
In base 12, what is 388337 + 2?
388339
In base 10, what is 619 - 1439?
-820
In base 15, what is -3da43 - -5?
-3da3d
In base 14, what is 2545c9 + 0?
2545c9
In base 16, what is -60d + -8b?
-698
In base 7, what is -12 - -1445200?
1445155
In base 3, what is 11001200200 - -1?
11001200201
In base 16, what is 4ab + 6e?
519
In base 7, what is 13654 - 1343?
12311
In base 12, what is 94 - 4a2a?
-4956
In base 4, what is -2110202 + 33?
-2110103
In base 3, what is -11210 - 10022021?
-10111001
In base 14, what is 6 + -38668?
-38662
In base 6, what is -1 + 231020?
231015
In base 12, what is -24a7 + -27?
-2512
In base 3, what is -11010002 + -202220?
-11212222
In base 6, what is -150211 + 331?
-145440
In base 11, what is -2351 - 46?
-2397
In base 12, what is -5 - -1b9a8?
1b9a3
In base 5, what is -3 + -1231102?
-1231110
In base 5, what is -113 + -103114?
-103232
In base 13, what is 317c25 + -1?
317c24
In base 15, what is a3 + 325?
3c8
In base 16, what is eafc + -3?
eaf9
In base 7, what is 53303 - 15?
53255
In base 6, what is -310 + 100341?
100031
In base 6, what is 2115044 + 1?
2115045
In base 2, what is -10 - 1101010111101111?
-1101010111110001
In base 4, what is -23221230 - 20?
-23221310
In base 8, what is -274 + -377?
-673
In base 13, what is 2 - 337026?
-337024
In base 13, what is -13 + 406c8?
406b5
In base 15, what is eee - -93?
1092
In base 3, what is -10122 - 11222012?
-12002211
In base 14, what is -6a4 - -3?
-6a1
In base 6, what is -134 + -13543?
-14121
In base 5, what is -1 - -1042?
1041
In base 16, what is 11b + -38?
e3
In base 6, what is 1330 - 42?
1244
In base 9, what is 83220 - 2?
83217
In base 6, what is -134003 - -1?
-134002
In base 7, what is -5 - 2362422?
-2362430
In base 14, what is -3 - 123c2d?
-123c32
In base 8, what is -5 - 177062?
-177067
In base 3, what is -20121 + -10021?
-100212
In base 11, what is 5 + 2034?
2039
In base 12, what is -86 - -466?
3a0
In base 12, what is -7b - 37?
-b6
In base 8, what is 17551 - 10?
17541
In base 10, what is -3442 + 535?
-2907
In base 6, what is 21234 + 111?
21345
In base 2, what is -1010101011111010 + 10?
-1010101011111000
In base 4, what is 1100312 + 1013?
1101331
In base 10, what is 2249229 - -2?
2249231
In base 4, what is 3 + -10303003?
-10303000
In base 12, what is 1567 - -1b7?
1762
In base 10, what is -10081 + -2?
-10083
In base 3, what is -102 + -11200?
-12002
In base 10, what is 1 + -325749?
-325748
In base 16, what is -8 - -23c08?
23c00
In base 11, what is 1 - -96150?
96151
In base 15, what is -66 - -9eb?
985
In base 16, what is 1481e - 6f?
147af
In base 5, what is 222 - -3?
230
In base 8, what is -1116063 + -3?
-1116066
In base 13, what is 1a - -2c7?
314
In base 16, what is -7a + -31a?
-394
In base 5, what is -20122114 - 3?
-20122122
In base 7, what is -26610040 + -5?
-26610045
In base 11, what is -50 + 1853?
1803
In base 2, what is -1010010100100 - 110?
-1010010101010
In base 11, what is 45 - -86?
120
In base 15, what is -14 - 25891?
-258a5
In base 9, what is 336 + 487?
834
In base 7, what is 23 - -32250?
32303
In base 6, what is 24224 - 3?
24221
In base 4, what is 1200010 - 13?
1133331
In base 3, what is -1012220222 + 2?
-1012220220
In base 11, what is -122 + -15a26?
-16048
In base 7, what is 3 + -33340?
-33334
In base 9, what is 4 - -35373?
35377
In base 7, what is 1 - 1533054?
-1533053
In base 16, what is -1bf7f8 + 4?
-1bf7f4
In base 9, what is -4 - 21086?
-21101
In base 10, what is 48 + -262?
-214
In base 11, what is -2 + 1738?
1736
In base 3, what is 12 + -110011020?
-110011001
In base 7, what is -113620 + -2?
-113622
In base 14, what is 2 + -13c92?
-13c90
In base 2, what is -10000010 + -101101100?
-111101110
In base 3, what is 0 + 2012210?
2012210
In base 3, what is -10201211202 - -11?
-10201211121
In base 5, what is 113 + -102302?
-102134
In base 4, what is 2222321030 + 3?
2222321033
In base 7, what is 32303 - -11?
32314
In base 8, what is 15200716 - -1?
15200717
In base 15, what is -171d8 - -1?
-171d7
In base 6, what is 355 + -43?
312
In base 3, what is -10222 - -1002101111?
1002020112
In base 13, what is 2 + 20439b?
2043a0
In base 12, what is -886 - -851?
-35
In base 5, what is 1011310 + 12?
1011322
In base 8, what is 1 + 2677304?
2677305
In base 10, what is -937 + 187?
-750